/15). What is w(a)?
2
Let r(p) = -3*p + 5. Let y(z) = -z + 2. Let f(q) = 4*r(q) - 9*y(q). Give f(5).
-13
Let m(t) = 3*t**2 + 4*t + 2. Let w(i) = -i**2 - i + 5. Let k be w(0). Let a = k - 7. Determine m(a).
6
Let n(q) = -2*q + 2. Suppose 0 = 2*u + 3 - 11. Let g = 7 - u. Determine n(g).
-4
Suppose -62 + 80 = -6*g. Let w(k) = k**2 + k - 2. Give w(g).
4
Let p(x) be the second derivative of -1/2*x**2 + 0 - 1/4*x**4 + 6*x - 1/3*x**3. Calculate p(-2).
-9
Let x(p) be the first derivative of p**3/3 - 5*p**2/2 + 2*p - 1. Suppose 0 = 5*q - 3*t + 39 - 8, -12 = 4*t. Let s be q/6*(6 + -9). Calculate x(s).
-2
Let u(g) = -5*g**2 - 2*g - 1. Let f(y) = -y**3 + 7*y**2 - 1. Let i be f(7). What is u(i)?
-4
Let l(g) be the first derivative of -g**4/4 + g**3 - g**2/2 - g + 5. Calculate l(2).
1
Let y = 16 - 13. Let z(m) = 2*m**2 - 4*m - 1. Determine z(y).
5
Let g(r) be the second derivative of 2*r + 1/20*r**5 + r**2 + 0*r**4 + 0 + 0*r**3. What is g(0)?
2
Let k(a) = a**2 + 0 - 5*a + 3 - 3. Let q(c) be the third derivative of c**6/120 - 2*c**5/15 + c**4/3 - c**3/3 + 2*c**2. Let o be q(7). Determine k(o).
0
Let j(k) be the third derivative of 1/2*k**3 - 4*k**2 + 0 - 1/24*k**4 + 0*k - 1/60*k**5. What is j(-3)?
-3
Let c(f) = f**2 - f - 1. Let i be 40/(-15)*(-6)/4. Let y = i + -1. Determine c(y).
5
Let o(a) = a**2 + 5*a - 3. Let q = -1 - -3. Suppose -4*u - 2 = -5*d + 68, q*d + 2*u = 46. Let h be 2 - d/(1 + 2). Calculate o(h).
-7
Let f(h) = h - 1. Suppose -3*o - 5 = -2*o. Give f(o).
-6
Let f(b) = b + 1. Let t(a) = -8*a**2 + 3*a + 1. Suppose -4*s - 6 + 2 = 0. Let p(g) = s*t(g) + 2*f(g). Calculate p(1).
8
Let z(j) be the second derivative of j**5/20 + 5*j**4/12 - 4*j**3/3 - 5*j**2/2 + 13*j. Give z(-6).
7
Let m(v) = v + 4. Let q be m(-2). Let g(f) be the first derivative of -f - 1 - 2/3*f**3 + 3/2*f**2. Determine g(q).
-3
Let b(j) = j - 2. Let q be (0 - 0)*(-13)/13. Determine b(q).
-2
Suppose 3*o + 4*w = 26, o + w - 7 = -0*w. Let j(g) = -g**3 + g**2 - 3*g + 1. Determine j(o).
-9
Let i(z) = z**3 + 2*z**2 + 4. Suppose w + 2 = -2. Suppose 0 = 4*f + 7 + 21. Let x = f - w. Give i(x).
-5
Let m(z) = 6*z - 1. Let h(w) = -4*w + 1. Suppose 4*y = -2*f + 2, 4*f + 0*y = 3*y - 29. Let i(x) = f*m(x) - 7*h(x). Determine i(-4).
6
Let a = -54 - -53. Let w(b) = 11*b + 1. Give w(a).
-10
Suppose 2*m + 7*l = 4*l + 5, 2*m - 11 = 3*l. Let c be (-5 - 1)*2/m. Let y(x) be the third derivative of x**4/24 - x**3/3 + x**2. Determine y(c).
-5
Let j(p) = p - 1. Let k(c) = 2*c + 7. Let m(r) = r + 1. Let f be m(-1). Suppose 0 = -0*s + 3*s - 5*x, f = -x - 3. Let q be k(s). Determine j(q).
-4
Suppose 4 = 4*x - 4*y - 16, -y = 2*x - 4. Let w(g) = 0 - 4*g**2 + g**2 + g**x + 2*g - 3. What is w(3)?
3
Let v = 0 + 3. Let x(h) = -h**2 - 2 + 0*h**2 + 2*h**2 + h. Give x(v).
10
Let x(l) = -l**3 + 4*l**2 - l + 3. Let p(g) = g**3 - g - 2. Let a be p(0). Let d = a - -6. What is x(d)?
-1
Let r = -1 - -9. Suppose -r = -4*z + 8. Let l(x) be the first derivative of x**4/4 - 4*x**3/3 + x**2/2 + 3*x - 34. Calculate l(z).
7
Let l(h) = h**2 + 7*h - 6. Let k be l(-8). Let m(a) = -9*a**2 + 1 + 3*a + k*a - 4*a + 8*a**2. Let z be (0 + -6)*1/(-2). What is m(z)?
-5
Suppose 5*l = -27 + 7. Let o(q) = -q**2 - 4*q - 1. Calculate o(l).
-1
Let n be (-8)/(-4)*10/(-4). Let h = n + 8. Let u(w) = 2*w + 3 - w**3 + 0*w**3 + 4*w**2 + 2*w**h. Determine u(-4).
-5
Let s = 15 + -29. Let c = -9 - s. Let i(v) = -v**3 + 6*v**2 - 7*v + 5. Determine i(c).
-5
Let g = 6 - 4. Let b(s) = 2 - g + 4 - s. Suppose -j = 5*u + 12, 3*j + 2*u - 15 = 4*u. Determine b(j).
1
Let h(i) = i**3 + 7*i**2 + 4*i - 2. Let y(l) = 1. Let f(n) = -1. Let p(g) = 6*f(g) + 5*y(g). Let x(k) = h(k) + 2*p(k). What is x(-6)?
8
Let k(j) be the third derivative of -j**5/60 + j**4/24 + 16*j**2. Calculate k(3).
-6
Let j be (4/6)/(2/342). Let t(m) = -112 - m + 2*m + j. Determine t(-6).
-4
Let m(p) = 0*p + p - 4*p**2 + 3*p**2. Let v be (-4 - -6)*(-2 - -3). Suppose -v*i = -4 + 2. Calculate m(i).
0
Let d = 0 - -2. Let t(g) = -7 + 6*g**3 + 3*g**2 - 8*g**d - 5*g**3. Let z = 3 + 2. What is t(z)?
-7
Let f = -1 + 7. Let r(q) = -2*q + 5. Let l(w) = -1. Let d(p) = -4*l(p) + r(p). Let x be d(f). Let j(k) = k + 3. What is j(x)?
0
Let k = 12 - 8. Suppose 5*u = u - 4*a, k*a = u + 20. Let h(t) = t. Calculate h(u).
-4
Suppose 0*d + 6 = 3*d. Suppose 2*f = 5*h + 23, -2*f - h - 1 = d*h. Let w(p) = -p**2 + p + 4. Determine w(f).
-8
Suppose -53*n + 52*n - 2 = 0. Let u(j) be the third derivative of j**6/120 + j**5/60 - j**3/3 + j**2. What is u(n)?
-6
Let d(w) = -9*w**2 + 1. Let n = 0 - -1. Determine d(n).
-8
Let s(p) = 0*p - 4*p - p**2 + 0 + 2. Let k = -9 + 6. Let q = k - 1. Calculate s(q).
2
Let a(o) be the third derivative of -o**5/60 + 2*o**3/3 + 9*o**2. Calculate a(-3).
-5
Let t(y) = 2 + y - y + y - 2*y - y**2. Give t(-4).
-10
Let a(v) be the third derivative of v**7/840 + v**6/180 - v**5/40 - v**4/6 + v**3/3 - 4*v**2. Let i(l) be the first derivative of a(l). Determine i(-3).
-4
Let i(f) = 3*f + 0*f + f - 7*f + f**2 - 2. Let g be (0 - 8/6)*-3. Give i(g).
2
Suppose -5*x = -d - 19, -5*x - 1 = -5*d - 36. Let c(b) = -x*b**3 - 3*b**2 - 4 + 2*b + 3*b**3 - 6*b + b**3. What is c(4)?
-4
Suppose -r + 4*j - 24 = -4, 0 = -r - 5*j + 25. Let f be (-26)/(-12) - (-4)/(-24). Let b(x) = 2*x**2 + 3 - 9 - x**f. Calculate b(r).
-6
Let b(y) = 5*y**3 - y - 1. Let i be -14*(-4)/16*2. Suppose -2*w - i = -5. Determine b(w).
-5
Suppose -4*z = u + 4 - 0, -5*u = 5*z + 20. Suppose f = -z*f. Let m(g) = g**2 + 1. What is m(f)?
1
Let d(g) be the third derivative of -g**7/1260 + g**6/720 - g**5/120 + g**4/24 + 3*g**2. Let f(x) be the second derivative of d(x). Calculate f(1).
-2
Let z(i) = i. Let x be -4*(2*4 - -1). Let k be (-908)/x - (-2)/(-9). Let q be (1*-1)/((-5)/k). Give z(q).
5
Let c(l) = l**3 - 7*l**2 + 6*l - 9. Suppose -56 - 52 = -18*q. Calculate c(q).
-9
Let m = -8 + 3. Let h(w) = -5*w**3 + 9*w + 3. Let k(y) = -y**3 + y**2 + y + 1. Let a(x) = -h(x) + 4*k(x). Give a(m).
1
Let i(l) = 30*l**2 + l. Suppose 4*p = -0 - 4. Let c be i(p). Suppose -4*k - 3*r - 2*r - c = 0, k - 24 = 5*r. Let n(q) = -2*q + 1. What is n(k)?
3
Let d(h) be the second derivative of -h**5/20 + h**4/4 + h**3/3 + 5*h**2/2 - 2*h. Suppose 3*f + 13 = 4*x, 2 = -f + 3. Give d(x).
-3
Let t(v) = v**2 - 4*v + 3. Let a be -6*(1 - 8/4). Give t(a).
15
Let k be (-2 - -2)/(0 - -2). Let g(p) = -29*p - 12 - p**2 + 28*p - 3. What is g(k)?
-15
Let d(c) = 6*c - 3. Let u(h) = 5*h - 3. Let i(v) = 6*d(v) - 7*u(v). What is i(7)?
10
Let a(m) = 2*m**3 + m**2 + 2. Let h(b) = -9*b**3 + b**2. Let l be h(-1). Let f(i) = -i**2 + 7*i + 8. Let j be f(7). Let d = j - l. Give a(d).
-10
Let v(f) be the second derivative of -f**4/4 + f**3 + 7*f**2/2 + f. Let j(i) = 2*i**2 - 3*i - 3. Let w(b) = 5*j(b) + 3*v(b). Calculate w(-4).
10
Let m(x) = 2*x + 5. Let j be m(-5). Let l(r) = r + 5. Let t be l(j). Let g(c) = c + 11. Give g(t).
11
Let r(h) be the third derivative of h**7/840 + h**6/60 + 7*h**5/120 + 5*h**4/24 - h**3/6 - 3*h**2. Let o(d) be the first derivative of r(d). Give o(-5).
-5
Let y(o) = -o**3 - 4*o**2 + 3*o + 1. Let c(m) = m + 14. Let p be c(-16). Let b be (35/(-14))/(p/(-4)). Determine y(b).
11
Let z(r) = -r - 2. Let g be z(-7). Let s(t) = -g*t + 0*t + 6*t - 4. Give s(4).
0
Suppose -2*b = -0*b + 16. Let z = -6 - b. Let m(s) = 2*s**3 - s**2 - 4*s + 3. Determine m(z).
7
Let s = 7 + -3. Suppose 2*f + s = -4*t, f - 2*t = 3*t + 19. Let k(p) = 7 - f + p**2 + 0 + 5*p. What is k(-2)?
-3
Let j(m) = m**3 - m**2 - 1. Let c(q) = 5*q**3 - 11*q**2 + 6*q - 9. Let w(r) = c(r) - 4*j(r). Let t(p) = -2*p - 14. Let u be t(-10). Give w(u).
-5
Let v = -16 - -27. Suppose -3*w + o = -v, -2*w = 2*w - 4*o - 28. Let y(d) = -d**2 + 5*d - 3*d + 3 - 1 + 0*d**w. Determine y(-2).
-6
Let l = -8 - -5. Let t(s) be the second derivative of s**3/6 + s**2/2 + 3*s. What is t(l)?
-2
Let n(s) = s + 6. Let b be n(-5). Let x = b - -4. Let c(i) = -3*i**2 + 6*i + 2. Let m(y) = 4*y**2 - 6*y - 3. Let w(o) = -3*c(o) - 2*m(o). Give w(x).
-5
Let h be ((-18)/(-12))/(6/8). Let g(l) = 2 - 3*l + 8*l - h*l. Calculate g(3).
11
Let s = 3 + -6. Let u = s - -5. Let y(o) = -o**u + 5 + 0*o**2 + 0 - 5*o. Determine y(-5).
5
Let y(g) = 2*g**3 - g. Suppose 7*j + 2*x - 11 = 2*j, 4*j = 3*x - 5. Let b be 3 - 0/(3 - 2). Suppose -4*n + 2*v - b = -j, -5*v = 4*n + 9